e the second derivative of r**5/10 - 3*r**2 + 1966*r. What is v(2)?
10
Let b(y) = 2*y**2 - 42*y + 43. Let s be b(20). Let f(x) = s*x + 4*x - 2032 - 3*x + 2031. Give f(-2).
-9
Let k be 6/(-14) + (-96)/(-28). Let v(d) be the second derivative of d**3/3 - 2*d**2 + 116*d + 1. Calculate v(k).
2
Let x(j) = -2*j - 2. Let t(w) = -w**3 + 6*w**2 - 5*w + 24. Let q be t(6). What is x(q)?
10
Let g(n) = 4*n - 213. Suppose -51*s = -50*s - 53. Let t be g(s). Let r(z) = -36*z - 1. Determine r(t).
35
Let h(g) be the second derivative of -g**4/6 + 2*g**3/3 - g**2 + 4*g. Suppose 70*b + 1042 - 1392 = 0. Calculate h(b).
-32
Let l(p) = p + 3. Let z(w) = -w + 26. Let q be z(-10). Let m(r) = -r**3 + 37*r**2 - 37*r + 33. Let u be m(q). Give l(u).
0
Let t(l) = -l**2 + 6*l + 3. Let p be t(6). Let g(h) be the third derivative of 0*h - 40*h**2 + 0 - 1/24*h**4 + 1/2*h**3. Calculate g(p).
0
Suppose -7*g + 3*g + 12 = 0, w - 3 = 2*g. Let j(f) be the first derivative of -f**3/3 + 4*f**2 + 2*f - 15660. Give j(w).
-7
Let h(k) = -k**3 - 11*k**2 + 7*k + 24. Let t be 31 - (-8822)/(-286) - 145/13. What is h(t)?
-53
Let g(i) be the third derivative of i**6/360 + i**5/15 + 5*i**4/24 - 27*i**3/2 + 213*i**2. Let w(u) be the first derivative of g(u). What is w(-7)?
-2
Let n(t) = -8*t**2 - 4 + 2*t**3 + 894775*t - 894915*t - 19*t**2 - 3*t**3. Give n(-20).
-4
Let n(z) = -z**2 - 2*z - 1. Let p(x) = 3*x + 3 + 20*x**2 + 5 + 12*x**2 - 48*x**2 + 15*x**2. Let g(h) = 2*n(h) - p(h). Calculate g(-7).
-10
Let t(k) = -12*k - 52. Suppose 2*j = b + 16, -174 = 14*b + 4*b + 2*j. What is t(b)?
68
Suppose -7 = -4*x + 1. Let h(g) = 11*g**2 - 1189 + 2377 - 1186 - 3*g. Calculate h(x).
40
Let t(h) be the third derivative of h**7/840 + 7*h**6/360 + h**5/15 + 71*h**3/3 + 83*h**2. Let b(v) be the first derivative of t(v). Determine b(-6).
-12
Let s(f) = -f**3 - 29*f**2 - 68*f - 12. Let h be s(-27). Suppose 368*z = h*z. Let a(c) = c**2 - c + 14. Determine a(z).
14
Let d(c) = 14*c + 1. Let f(z) = -5*z + 1. Let l(g) = -3*d(g) - 8*f(g). Calculate l(-6).
1
Let v = -303 + 308. Suppose -h - 2*o + o - v = 0, -4*o - 20 = -h. Let n(d) = -d**2 + 2*d + 5. Determine n(h).
5
Suppose -t + 3 = 0, 0 = -5*p + 3*t + 2*t - 15. Let l(d) = 0*d + d - 11 + p*d. Suppose 0 = 64*q - 116*q + 63*q - 66. Calculate l(q).
-5
Let c(t) = -128*t + 51*t - 12*t**2 + 47*t + t**3 + 9 + 40*t. Calculate c(11).
-2
Let y be 0/(2 + -8 + (-1 - -4)). Suppose 2*j + 10 = -y*j. Let q(t) = 0 + t - 1 + 13. Calculate q(j).
7
Let k(p) = -p + 21. Suppose -2*s = 5*v - 6*v - 109, 0 = -3*v - 3*s - 354. Let q = v + 115. Determine k(q).
21
Let k(j) = -j**3 - 2*j**2 + 13. Let g(a) = 7*a**3 + 21*a**2 + 4*a - 89. Let f(b) = g(b) + 6*k(b). Let z = 16 - 24. Give f(z).
21
Let t(c) = 97*c**3 - 14*c**2 - 3*c. Let u(d) = -65*d**3 + 10*d**2 + 2*d. Let k(x) = 5*t(x) + 7*u(x). Calculate k(-1).
-29
Let u = 23082 - 23090. Let g(p) = 0*p**2 + 2*p**2 + 3 + 8*p - p**2. What is g(u)?
3
Let v(d) be the second derivative of 128*d - 1/20*d**5 + d**2 + 5/12*d**4 - 1/2*d**3 + 0. Determine v(5).
-13
Let d(u) = -u + 8. Let s = 37 - 178. Let p = 152 + s. Give d(p).
-3
Let c(v) = v**3 + 2*v**2 - v - 5. Let h = -80 + 84. Suppose -2*s + 20 = -h*m, -43*s + 38*s + 5*m = -25. Calculate c(s).
-5
Suppose -14*q = -9*q - 25, -16 = 2*o - 4*q. Suppose o*p = 5*n + 23, 4*n + 29 - 5 = -4*p. Let y(a) = 5*a**2 + a. Give y(p).
4
Let s(d) = d**2 - 10*d + 9. Suppose 31*x + 175 = -73. Let p(k) = -k**3 - 5*k**2 + 25*k + 17. Let y be p(x). What is s(y)?
0
Let q(z) be the second derivative of -z**5/20 - 17*z**4/12 - 17*z**3/6 - 13*z**2/2 + 194*z. Suppose 5*s + 67 = -3*g - 6, 0 = -2*g - 4*s - 52. Determine q(g).
3
Suppose 0 = r + 2*r - 2*l, 0 = -2*r + 5*l + 11. Suppose 5*m - 2*b = 30 + 8, 2*m - 4*b - 28 = 0. Let h(z) = z + m*z**2 + 8*z - 7*z + 1 - 7*z**2. Calculate h(r).
-7
Let n(i) = -i**3 + 4*i**2 + 9*i - 10. Let a = -7347 + 7353. Determine n(a).
-28
Let g = -4750 + 4746. Let v(w) be the third derivative of -w**6/120 - w**5/20 - w**4/12 - w**3 - w**2. Give v(g).
18
Let p(f) = 121*f + 3484. Let m be p(-29). Let v(h) = -h**3 - 25*h**2 - h - 33. What is v(m)?
-8
Suppose -90 = -15*m - 3*m. Let x(k) = -k**3 + 4*k**2 - 9*k - 6. Let a(d) = d**3 - 3*d**2 + 10*d + 6. Let s(y) = m*x(y) + 4*a(y). What is s(5)?
44
Let c be (-2)/(-5)*(-12 + 17). Let z(h) = 2*h + h**c - 3*h**2 - 7 - 4*h - 5*h + 14*h. What is z(5)?
-22
Let d(h) = -3*h**3 - 11*h**2 - 15*h + 2. Let q(w) = -17*w**3 - 57*w**2 - 85*w + 10. Let t(m) = -11*d(m) + 2*q(m). What is t(6)?
4
Let h(z) be the first derivative of z**3/3 + z**2 - 11*z - 377. Determine h(8).
69
Suppose -4 = 7*y - 9*y. Let a(n) be the third derivative of n**4/8 - n**3/6 + 652*n**2 + 1. Determine a(y).
5
Let n(l) = l**2 - l - 2. Let k be n(3). Suppose k*j - 8*j = -20. Let m(b) = -b**3 + 8*b**2 + 4 - 4 - 4*b**2 + 5*b. Determine m(j).
0
Let w(l) = -2*l**2 - 2*l - 3. Let k be 12*(2 + (-5)/2). Let d(z) = z**3 + 6*z**2 + 4*z - 12. Let s be d(k). Let r = s + 34. Give w(r).
-7
Let x(w) be the second derivative of -w**3/3 + 15*w**2/2 + w. Suppose 28*t - 138 = -5*t + 126. Give x(t).
-1
Suppose -2*f + 27 = 11. Let z be ((-52)/260)/(2/(-70)). Let u(s) = 4 + s**2 - 13*s - 2*s + 14*s - z*s. Determine u(f).
4
Let x(n) = -24*n - 196. Suppose 0 = -52*u - 21*u - 584. Give x(u).
-4
Let b(a) = 51*a - 20 + 54 - 19*a - 31*a. Calculate b(-12).
22
Let z(w) = 17*w + 18*w + 3 - 32*w. Let a(c) = -5*c - 3. Let f(t) = -4*a(t) - 6*z(t). Let i = -24 - -32. Give f(i).
10
Let b(x) be the second derivative of x**5/20 - 5*x**4/6 + 29*x**3/6 - 6*x**2 - 1314*x - 1. What is b(5)?
8
Suppose -176*j + 10 = -183*j - 158. Let s(r) = -3*r - 73. What is s(j)?
-1
Let t be 968/32 - (-2)/(-8). Suppose -73 = 3*i + q, -2*i - 14 = -4*q + t. Let x(g) = g + 17. Calculate x(i).
-7
Let n(h) be the first derivative of 7*h**3 - h - 11. Let g(m) = -m**2 - 16*m - 54. Let c be g(-5). Give n(c).
20
Let t(c) = -357 - 365 + 687 + 7*c. Calculate t(5).
0
Let o(v) = 9 + 16*v**3 - 7*v**2 - 48*v**3 + 33*v**3 + 3*v. Calculate o(5).
-26
Let p be 2 - (168/(-7))/(-8). Let n be (-2)/(-6)*p*(-1323)/63. Let j(x) = -x**2 + 5*x + 4. Give j(n).
-10
Let m(z) = -4*z - z**3 + 38*z**2 - 33*z**2 - 13*z + 12*z - 4. What is m(5)?
-29
Let q(m) = 14*m. Let f(s) = -21*s. Let t(d) = -5*f(d) - 7*q(d). Suppose 69 - 31 = -97*c - 59. Determine t(c).
-7
Let f(n) = -353*n + 2*n**2 + 176*n + 176*n. Let m(w) = -w**3 + 4*w**2 - 2*w + 1. Let u(i) = 5*f(i) - 2*m(i). What is u(-2)?
-8
Let t(m) = m**3 + 4*m**2 - 14*m - 36. Let y be t(-2). Let d(n) = n**3 + n**2 + 2*n + 2. Calculate d(y).
2
Let r(g) = -g**2 - 3*g - 11. Let n = -42 + 38. Calculate r(n).
-15
Let n(m) = -4*m**2. Let t be n(-3). Let s = t + 43. Let b(r) = r - 12. Let h(y) = -y - 1. Let w(c) = b(c) - 2*h(c). Determine w(s).
11
Let r(b) = b**2 - b - 12. Suppose -i - 911 + 871 = -9*i. Calculate r(i).
8
Suppose -12 = -5*v + 8*v. Let k(u) = 8333 + u**3 + 0*u**2 - u - 8328 + 4*u**2. What is k(v)?
9
Let d be (-12)/(-6) + (2 - 2). Let t(c) = d*c + c**3 + c - c + 1 - c. Let x(g) = -3*g**3 - 5*g**2 - 3. Let p(q) = 4*t(q) + x(q). Determine p(4).
1
Let z(s) = s**3 + 24*s**2 - 95*s - 381. Let b be z(-27). Let r(c) = c**2 + c**3 + 2 + 2*c**2 - 3. Determine r(b).
-1
Let u = 65 + -42. Suppose 0 = -8*i - 1 - u. Let z(l) be the first derivative of -l**3/3 - 3*l**2/2 + 4*l - 16. What is z(i)?
4
Let f(s) = 2*s**3 - 29*s**2 + 14*s + 2. Let l be f(14). Let d(q) = 3 - 7 + q + 194*q**2 - 6 + q**3 - 206*q**l. What is d(12)?
2
Let h = -96 + 139. Let b be h - 1 - (-16 + 18). Let v = 36 - b. Let r(m) = -m**3 - 5*m**2 - 6*m - 1. Determine r(v).
7
Let q(t) = t**2 + 5*t. Let b(o) = -o**3 + 16*o**2 + 30. Let y be b(16). Suppose -13*k - y = 35. Determine q(k).
0
Let c = 6 + -13. Let y be 2790 + 8 - (-4 - 0). Let t(g) = -y + 2811 + g + 0*g. Give t(c).
2
Suppose 0 = -5*c - 5*d, c - 12 = -c + 4*d. Let p be ((-8)/(-2))/(-3 + c - -3). Let x(y) = y + 0*y - y**2 - p*y**2 - 7*y**2. What is x(1)?
-9
Let t(a) be the first derivative of 5*a - 2*a**2 + 51 + 5/3*a**3 - 1/4*a**4. Give t(4).
5
Let z(h) be the first derivative of h**2/2 - 13*h + 629. Calculate z(12).
-1
Let w(t) = -21*t + 17. Let q(k) = 15*k - 15. Let j(b) = 3*q(b) + 2*w(b). Give j(-6).
-29
Suppose -103*v + 26 = -107*v - 5*j, -5*v = -j - 11. Let f(y) = -y + 1. Let k(q) = 7*q + 5. Let h(m) = -3*f(m) + k(m). What is h(v